ulate the greatest common factor of 687 and 9.
3
What is the greatest common factor of 30 and 2620?
10
What is the greatest common factor of 414 and 126?
18
Calculate the greatest common divisor of 1836 and 162.
54
What is the greatest common divisor of 8140 and 44?
44
What is the greatest common factor of 28 and 5012?
28
What is the highest common factor of 2 and 108?
2
What is the greatest common factor of 105 and 350?
35
Calculate the greatest common divisor of 2 and 494.
2
What is the highest common factor of 37 and 6327?
37
Calculate the greatest common factor of 15458 and 118.
118
What is the greatest common divisor of 275 and 176?
11
Calculate the highest common factor of 213 and 568.
71
Calculate the greatest common factor of 1100 and 1408.
44
Calculate the highest common factor of 160 and 928.
32
What is the greatest common divisor of 1782 and 11?
11
What is the highest common factor of 148 and 27676?
148
What is the highest common factor of 51 and 381?
3
Calculate the greatest common factor of 200 and 11800.
200
Calculate the greatest common factor of 150 and 5880.
30
Calculate the highest common divisor of 98 and 1540.
14
Calculate the greatest common factor of 336 and 144.
48
Calculate the highest common factor of 1458 and 126.
18
Calculate the highest common factor of 2419 and 59.
59
Calculate the greatest common factor of 72 and 9336.
24
What is the highest common factor of 255 and 105?
15
What is the greatest common divisor of 1296 and 48?
48
Calculate the highest common divisor of 5 and 145.
5
Calculate the greatest common divisor of 21040 and 16.
16
Calculate the greatest common factor of 20 and 370.
10
Calculate the greatest common divisor of 770 and 2970.
110
Calculate the highest common factor of 1036 and 222.
74
What is the highest common divisor of 405 and 10?
5
Calculate the highest common factor of 169 and 377.
13
What is the highest common factor of 32 and 72160?
32
What is the greatest common divisor of 67 and 1407?
67
What is the greatest common factor of 13112 and 264?
88
What is the highest common divisor of 2599 and 46?
23
Calculate the highest common factor of 15 and 185.
5
What is the greatest common factor of 51 and 6375?
51
What is the highest common divisor of 13764 and 144?
12
Calculate the greatest common factor of 2398 and 763.
109
What is the greatest common divisor of 7 and 224?
7
Calculate the greatest common divisor of 352 and 22.
22
Calculate the greatest common factor of 1197 and 76.
19
What is the greatest common divisor of 645 and 43?
43
What is the highest common divisor of 61 and 122?
61
Calculate the greatest common factor of 39 and 5681.
13
What is the greatest common divisor of 309 and 3?
3
What is the highest common divisor of 45 and 4851?
9
What is the greatest common divisor of 12 and 246?
6
Calculate the greatest common factor of 17 and 11203.
17
What is the greatest common factor of 65 and 15?
5
Calculate the highest common divisor of 1558 and 164.
82
Calculate the greatest common factor of 1292 and 476.
68
What is the greatest common divisor of 11 and 121?
11
Calculate the highest common factor of 1120 and 1720.
40
What is the greatest common factor of 8 and 1192?
8
What is the highest common factor of 165 and 405?
15
What is the highest common divisor of 145 and 87?
29
What is the greatest common divisor of 76 and 418?
38
Calculate the greatest common factor of 7139 and 121.
121
What is the highest common divisor of 328 and 8692?
164
Calculate the greatest common factor of 851 and 3128.
23
Calculate the highest common divisor of 16775 and 125.
25
What is the highest common factor of 493 and 319?
29
What is the highest common divisor of 245 and 49?
49
What is the greatest common divisor of 1 and 48?
1
What is the highest common factor of 13 and 6331?
13
Calculate the highest common factor of 1060 and 380.
20
What is the greatest common divisor of 26 and 4459?
13
Calculate the greatest common divisor of 78 and 3562.
26
What is the greatest common divisor of 19 and 1007?
19
Calculate the greatest common divisor of 43 and 3827.
43
Calculate the highest common divisor of 60 and 15.
15
What is the greatest common factor of 12 and 140856?
12
What is the highest common factor of 8536 and 88?
88
Calculate the highest common factor of 972 and 1674.
54
Calculate the highest common factor of 24 and 536.
8
Calculate the highest common factor of 70 and 315.
35
Calculate the greatest common factor of 3552 and 96.
96
Calculate the greatest common divisor of 108 and 396.
36
What is the highest common divisor of 507 and 39?
39
Calculate the greatest common factor of 1592 and 8.
8
Calculate the greatest common divisor of 234 and 72.
18
Calculate the highest common factor of 486 and 18.
18
Calculate the greatest common factor of 235 and 1.
1
Calculate the greatest common divisor of 113 and 10283.
113
What is the highest common factor of 59 and 1?
1
What is the greatest common divisor of 4169 and 11?
11
What is the greatest common divisor of 624 and 1200?
48
What is the greatest common factor of 140 and 3185?
35
What is the greatest common factor of 25 and 595?
5
What is the greatest common divisor of 48 and 282?
6
What is the highest common factor of 72 and 120?
24
What is the greatest common factor of 2616 and 304?
8
Calculate the greatest common divisor of 8122 and 62.
62
What is the greatest common divisor of 8308 and 248?
124
What is the highest common factor of 216 and 66?
6
What is the greatest common divisor of 312 and 24?
24
What is the greatest common factor of 754 and 26?
26
What is the highest common factor of 50 and 675?
25
What is the highest common divisor of 4698 and 290?
58
What is the highest common factor of 3 and 591?
3
Calculate the highest common factor of 117 and 104.
13
Calculate the greatest common divisor of 132 and 168.
12
What is the highest common divisor of 157 and 36581?
157
What is the highest common factor of 136 and 3672?
136
Calculate the greatest common factor of 588 and 4998.
294
Calculate the greatest common factor of 616 and 40.
8
Calculate the highest common divisor of 6084 and 72.
36
Calculate the greatest common factor of 100 and 320.
20
What is the greatest common divisor of 497 and 7?
7
What is the highest common factor of 285 and 741?
57
What is the highest common divisor of 115 and 15?
5
Calculate the greatest common divisor of 25 and 205.
5
What is the highest common factor of 99 and 176?
11
What is the greatest common factor of 39 and 39?
39
What is the greatest common divisor of 7168 and 14?
14
What is the greatest common divisor of 516 and 60?
12
What is the highest common factor of 423 and 1739?
47
What is the greatest common factor of 12612 and 36?
12
What is the greatest common divisor of 2865 and 60?
15
Calculate the highest common factor of 5627 and 17.
17
Calculate the greatest common factor of 832 and 13.
13
Calculate the highest common factor of 4601 and 321.
107
What is the highest common divisor of 44 and 132?
44
What is the greatest common factor of 45 and 5?
5
Calculate the highest common divisor of 4048 and 33.
11
Calculate the greatest common divisor of 6 and 942.
6
What is the highest common factor of 603 and 27?
9
What is the highest common divisor of 176 and 33?
11
What is the highest common divisor of 1034 and 22?
22
Calculate the greatest common factor of 1455 and 15.
15
What is the highest common factor of 8 and 5?
1
Calculate the greatest common factor of 87 and 3.
3
What is the greatest common factor of 6 and 12?
6
Calculate the greatest common factor of 1243 and 572.
11
Calculate the greatest common divisor of 117 and 9.
9
What is the highest common factor of 9 and 2439?
9
Calculate the highest common divisor of 132 and 12.
12
Calculate the greatest common divisor of 22 and 154.
22
What is the greatest common factor of 90928 and 16?
16
Calculate the greatest common factor of 846 and 18.
18
What is the highest common factor of 752 and 208?
16
What is the greatest common factor of 36 and 324?
36
What is the greatest common factor of 1578 and 6?
6
Calculate the greatest common divisor of 3875 and 250.
125
What is the greatest common factor of 30 and 1920?
30
Calculate the greatest common factor of 48 and 102.
6
What is the greatest c